the value of -1 + (-6 - 0) - (-21 + 16 + 17)?
-19
-11 + (2 - -51) - (1 + -1 + 0 + -5)
47
Calculate 17 + (-32 - (-110 + 57)) + (2 - 44).
-4
Calculate 12 + 98 + 122 + -232.
0
What is (-2 - 20 - 0) + 3599 + -3588?
-11
What is 168 + (-36 - 26) + -36?
70
What is the value of 2 - (-55 + 4 - (-24 + -1))?
28
Calculate (56 - (197 + -83)) + 56.
-2
What is the value of 119 + 2 + -4 - (51 + -51 + (6 - 1))?
112
Evaluate 50 + 76 + -132 - (104 + 2 + -3 + 2).
-111
Calculate 42 + 2 - ((309 - 311) + 1 + 5 - -5).
35
Evaluate 127 + (-71 - 9) - 14.
33
-46 + 84 - 40 - (34 + (6 - 5) + 4)
-41
What is 31 - (-9 - -18) - (151 + -171)?
42
What is (74 - -162 - 212) + (13 - (-3 - -2))?
38
Evaluate 0 - 5 - (-162 + 74) - ((-1 - -15) + 0).
69
What is the value of -174 + 156 + 18 + 36 + 1?
37
What is (-5 - (-13 - (-11 - -116))) + 4 + (17 - 26)?
108
What is the value of 10 + 3 + -22 + -19 + 3 + 3?
-22
What is the value of 25 - (-3 + 1) - (-1472 + 1544)?
-45
What is (-3 - (44 - 4) - 23) + -18?
-84
6 + (-3 - -10) + (-1 - 72) + -34
-94
What is (-2 + 0 - -12 - (372 - 241)) + 10?
-111
What is the value of 60 + (70 - 68) - 62?
0
8 + 5 + -5 + (-27 - -6) - (30 + -15)
-28
Evaluate (18 - (15 + 11)) + -9 + 8 + (-9 - -5).
-13
What is 18 - (14 - (-12 - (-17 + -71) - 3))?
77
Evaluate 20 + (11 - 51) + -2 + 68.
46
What is the value of (-54 + 67 - (6 - (-11 + -7))) + 9?
-2
Calculate (-64 - 17) + 51 + 52.
22
Calculate -37 + -1 - (140 + -108).
-70
What is the value of (-24 - 5 - (-216 + 170)) + -6 + 0?
11
Evaluate (-31 - -11) + (506 - 538).
-52
What is the value of (-5 + 13 + -10 - -1) + -5 - -5?
-1
What is 36 - (53 + -107 + 52)?
38
What is the value of 54 + 27 + (-36 - ((-9 - -1) + -7))?
60
What is the value of 80 - -3 - (-180 - (-16 - 179))?
68
Evaluate (823 - 830 - ((2 - 0) + -17)) + 19.
27
-80 - ((45 - 121) + 86)
-90
Evaluate (3 - -2) + 19 + 4 + (2 - (-16 - -7)).
39
Calculate -24 + 60 - 7 - (-54 - -28).
55
Evaluate -12 + (0 - -2) + -87 + 68 + 46.
17
What is the value of 25 - (0 - -16) - (-4 + 9 + -14)?
18
Evaluate 14 + (60 - (-2 + 18)) - (-3 - -2).
59
What is the value of (-11 + 9 + -3 - 2) + 7 + -12 + 91?
79
What is the value of (-9 - (0 + 8 + 8)) + 10?
-15
(4 - 1) + 8 + (8 - 11) - (142 + -88)
-46
(1 - -43) + (-16 - 18) + 67 + -31
46
50 - (21 - 12) - (1 + 8 - 7)
39
Calculate -3973 + 3917 + (-4 + 2 - -17).
-41
Calculate 33 + (201 - 238) - (125 + (1 - 3)).
-127
Calculate -22 - ((-162 - -120) + 8 + -1).
13
Evaluate -46 + 16 + (-7 - -1) + (14 - 1).
-23
Evaluate (-1 - -10) + (8 - (41 - 17 - 16)).
9
Evaluate (-8222 - -8363) + -95 + -1.
45
What is the value of -13 + (-7 + 5 - (22 - 16))?
-21
(-57 - 1 - (-534 + 518)) + 99
57
0 + 7 - (-138 + 132 + 71)
-58
What is 27 - (-25 + 28 - -26)?
-2
2 - (1 - (-6 + -2)) - (6914 + -6927)
6
What is the value of (1 - (0 + -104)) + (-346 - (-517 - -165))?
111
What is the value of 8 + -7 - -3 - (5 - 50)?
49
88 + (33 - (130 + 28))
-37
17 + (2 - -33 - (-97 + 93))
56
Calculate -3 + 34 + -35 + 8 + 4 - (0 + 11).
-3
What is the value of -16 + (9 - 10) - (8 + -4 - -5)?
-26
What is 2 - (20 + -1 + -1 + (-23 - -18) - 12)?
1
What is 73 + -52 + 2 + -1 + 7?
29
What is -33 + 62 + 57 + -118?
-32
What is the value of -61 + -5 + (138 - 167)?
-95
Calculate -13 - (25 + (-9 - -47) + -29).
-47
Evaluate 15 + 10 - (-276 + 308).
-7
-42 - (-10 - (-20 - -5) - 17)
-30
What is (24 - (89 + -44) - (-2 + -119)) + -9?
91
28 - (-10 - -39 - (13 - 3))
9
What is -21 - (57 + -43) - 18?
-53
What is -68 + 81 - (-2 + 3 - 4) - -4?
20
Calculate (-1133 - -1050) + 133 + -13.
37
24 + (35 - 23) + 0
36
9 - (-9 + 1 - (18 - (14 + 3)) - 34)
52
What is 64 + 0 - (42 + -3 + -31 + -3 + 5)?
54
What is 49 - (12 - (21 + (-21 - -16)) - 5)?
58
Calculate (-61 - -12) + 28 + 16.
-5
What is 9 + (-1 + 50 - (15 + -27 + -4))?
74
Evaluate -1 + 5 + -2 + (1 + -27 - (-76 - 0)).
52
Evaluate (80 - -26) + (-12 - (-27 + 13)) + -12.
96
What is 33 - (7 + 22 + -28 - -28)?
4
Evaluate 131 + (2 - ((-11 - 5) + 39 - 13)).
123
What is the value of 38 + 1 + (-12 - -1) + 54 + -65 + 13?
30
Evaluate -36 + (101 - 72) + (1 - -137) - (12 + 0).
119
-1 + 8 + 6 - (648 - 628)
-7
Calculate -4 + (-11 + -4 + 6 - (-444 + 514)).
-83
Evaluate -38 + (23 + 23 + 12 - 20).
0
What is the value of (-5 - -70) + 18 + (21 - 59)?
45
Evaluate 3 + (-45 - -72 - (-19 + -4)) + -18.
35
0 + (-5 - -6 - -20) + (-22 - -31)
30
Calculate 53 - ((-34 - 2) + 89 - 19).
19
What is the value of (-24 + 55 - 35) + 3?
-1
What is the value of (45 - (35 - 16)) + -75?
-49
13 - (-12 + 31 + 14 + 14 + -2)
-32
What is the value of ((11 - 2) + -4 - -6) + (50 - 135)?
-74
What is (37 - 39) + (3 - 2 - -18 - (0 + -1))?
18
What is the value of -3 + 3 + 5 - (-19 - (10 - -2))?
36
Evaluate (-8 - (-51 + 34)) + (0 - 67) + -2 + 0.
-60
Calculate -329 + 329 - (24 + (-2 - -3)).
-25
Calculate 47 + -7 + 10 + -1 - (-7 + -2).
58
What is the value of 124 + (35 - 26 - -4 - 8) + -10 + -1?
118
Evaluate -17 + 13 + (9 - 20) - -57.
42
-241 - -165 - (-4 + -1)
-71
What is 94 - (8 - -18 - (-163 - -182))?
87
Calculate 14 + 6 + (-22 - (17 - 21)) + 27.
29
Evaluate -75 + (54 - (-150 + 78)).
51
What is (286 + -257 - (0 - -16)) + 1 + -51?
-37
Calculate 77 + (-64 - -175 - 257).
-69
Evaluate -2 + (-10 + 11 - -51) - 15.
35
Calculate -16 - (-149 + (192 - 33)).
-26
178 + -208 - (-20 - 2) - (1 + (-1 - 1))
-7
Calculate (-20 - (-203 + 225 - (6 - -1))) + 15.
-20
19 + (7 - 16 - 0) - -39 - (7 + -5)
47
What is 10 + (63 + -68 - (-1 - -5)) + -4?
-3
Evaluate (-107 - 13) + 28 + 163.
71
What is (-8 - (-1 - 19) - -19) + -17 - (66 + -2)?
-50
63 + -70 - (-20 - -20)
-7
Calculate 5 + -32 + 29 + -61 + -6.
-65
What is -26 - (18 - (-24 - (15 - 45)))?
-38
Evaluate -26 + 18 + (19 - (-1 + 12 - 12)).
12
What is (4153 - 4137) + 2 + -2 + 14?
30
What is the value of 119 + (44 - (117 + -15))?
61
What is the value of -52 - (1 - -22 - (-38 - (-23 - 27)))?
-63
What is 655 - 687 - (2 - (31 - 3))?
-6
Calculate 38 + -38 + (-82 - -59).
-23
What is the value of 42 + 11 + -4 + (-11 + 20 - 24)?
34
Calculate 8 + 0 + (-31 - (-41 - -29)) - 24.
-35
(101 - 178 - -243) + -111
55
Evaluate 111 + (90 + 8 - 175).
34
What is the value of (1 - 26) + 40 + 42?
57
Evaluate -4 + (-127 + 141 - (0 - -4) - (-2 - 11)).
19
What is the value of (100 - 147) + -25 + 15?
-57
Calculate -27 - (32 - (17 + 1 - -48)).
7
Calculate (-2 - 10) + (14 - 0 - (40 - (82 + -41))).
3
57 - (28 + -22) - (-1 + 0 + 0 - 5)
57
Calculate -282 + 176 - (26 + -122).
-10
What is -69163 + 69149 + (1 - 4) + 1 + (1 - 0)?
-15
What is -8 + 31 - (26 + -34 + 27 + -1)?
5
What is (202 - 206 - (-39 - (-7 - -3))) + -4?
27
What is (-8 - (13 - (18 + 3))) + (-9 - 0) + 67?
58
104 - (119 + (99 - 193))
79
-22 + 2 - (-104 + (51 - -7))
26
Evaluate -5 - ((22 + -27 - -35) + -7).
-28
What is the value of (-24 - -29) + (0 + 2 - (-11 + 26)) + 31?
23
What is the value of 4 - 13 - -41 - (746 - 599)?
-115
Calculate (-2 - -65) + (18 - -64 - 96).
49
What is the value of -1 - 0 - (44 + -30) - -13 - 41?
-43
What is 8 - (3 - 16 - (-1 - 1 - -7 - 15))?
11
What is the value of 54 + 122 + -113 + 3?
66
What is (9 - (3 - 4)) + -66 + -15 + (-21 - -25)?
-67
What is -43 + -271 + 314 + (2 - 4) + 0 + -54?
-56
Calculate -22 + 87 - (100 + -48).
13
What is 1 + (2 - 10) + -4 + (-9 + 6 - 10)?
-24
Calculate (-2 + 12 - 31) + 14 + -23 + 0.
-30
Evaluate 11 - (-5 + -114 - -241).
-111
Evaluate 3 + -104 + 20 + -1.
-82
What is the value of (15 + -16 + -8 - -5) + (3 - 54)?
-55
-30 - -16 - -15 - (35 + (-23 - -48))
-59
41 - 30 - (-7 + 2 - -7) - 0
9
(7 - -11 - (-103 + 121)) + (18 - (-2 + 1))
19
What is -95 + 77 + 5 + -1 + 9 - 14?
-19
Evaluate -82 + 20 + 26 - ((1 - -2) + -1).
-38
Calculate 79 + (83 - 186) + (0 - 9).
-33
What is 65 + -3 + -9 + (-15 - -28) + 14 + -11?
69
Evaluate 3 + (-37 - (21 - 11)).
-44
Calculate 8 + (-4 + 9 + -10 - -7 - -36).
46
What is 24 + -12 + 11 + (6 - 26 - -5)?
8
What is (1 + 12 - (-13 - 19 - -55)) + -69?
-79
Evaluate -333 - -333 - (-10 - (1 + 0)).
11
19 + (3 - 74 - (-26 + -22 - -25))
-29
What is the value of -9 + (17 + -20 + -2 - (-14 + 1))?
-1
1 + 19 + (-36 - (6 + 3))
-25
What is 79 + (-74 - -67) + -71?
1
What is -27 + ((-232 - -220) + (0 - 1) - -3)?
-37
3 - 1 - ((3 - -3) + (11 - 14))
-1
Calculate (-15 - 2) + -552 + 586.
17
What is the value of 57 - (183 - 66) - -16?
-44
Calculate (3 - 63) + -61 + 23 + 26.
-72
What is the value of -41 + (3 - (2 - (-2 - 13)))